s the tens digit of 63662?
6
What is the tens digit of 1248?
4
What is the ten thousands digit of 21463?
2
What is the tens digit of 32734?
3
What is the ten thousands digit of 68483?
6
What is the units digit of 787?
7
What is the hundreds digit of 58223?
2
What is the units digit of 155?
5
What is the units digit of 48570?
0
What is the tens digit of 2196?
9
What is the hundreds digit of 21304?
3
What is the hundreds digit of 3824?
8
What is the hundreds digit of 19918?
9
What is the units digit of 8682?
2
What is the tens digit of 7735?
3
What is the tens digit of 2900?
0
What is the ten thousands digit of 93066?
9
What is the tens digit of 1533?
3
What is the hundreds digit of 33910?
9
What is the units digit of 2566?
6
What is the tens digit of 908?
0
What is the units digit of 6752?
2
What is the thousands digit of 3370?
3
What is the tens digit of 4417?
1
What is the units digit of 16509?
9
What is the tens digit of 161714?
1
What is the tens digit of 1625?
2
What is the tens digit of 958?
5
What is the units digit of 27671?
1
What is the hundreds digit of 3282?
2
What is the thousands digit of 15189?
5
What is the hundreds digit of 2532?
5
What is the units digit of 8?
8
What is the units digit of 748?
8
What is the ten thousands digit of 68862?
6
What is the ten thousands digit of 97732?
9
What is the ten thousands digit of 16653?
1
What is the hundreds digit of 21475?
4
What is the hundreds digit of 4994?
9
What is the tens digit of 461?
6
What is the hundreds digit of 2316?
3
What is the ten thousands digit of 19084?
1
What is the hundreds digit of 3146?
1
What is the tens digit of 1626?
2
What is the ten thousands digit of 28490?
2
What is the tens digit of 2372?
7
What is the tens digit of 33?
3
What is the hundreds digit of 2768?
7
What is the thousands digit of 1702?
1
What is the tens digit of 41656?
5
What is the units digit of 295?
5
What is the units digit of 4653?
3
What is the thousands digit of 15091?
5
What is the tens digit of 11289?
8
What is the hundreds digit of 3178?
1
What is the units digit of 1695?
5
What is the thousands digit of 2084?
2
What is the units digit of 543?
3
What is the hundreds digit of 2948?
9
What is the thousands digit of 2633?
2
What is the hundreds digit of 3282?
2
What is the units digit of 7129?
9
What is the hundreds digit of 414?
4
What is the units digit of 283?
3
What is the ten thousands digit of 76016?
7
What is the thousands digit of 5388?
5
What is the thousands digit of 13012?
3
What is the thousands digit of 24630?
4
What is the tens digit of 36919?
1
What is the units digit of 133136?
6
What is the tens digit of 141144?
4
What is the hundreds digit of 41702?
7
What is the thousands digit of 56356?
6
What is the hundreds digit of 641?
6
What is the hundreds digit of 460?
4
What is the units digit of 842?
2
What is the hundreds digit of 5289?
2
What is the hundreds digit of 7098?
0
What is the hundreds digit of 10917?
9
What is the tens digit of 96?
9
What is the units digit of 5430?
0
What is the units digit of 1792?
2
What is the thousands digit of 3961?
3
What is the thousands digit of 6483?
6
What is the units digit of 29464?
4
What is the hundreds digit of 123536?
5
What is the tens digit of 1116?
1
What is the hundreds digit of 5752?
7
What is the tens digit of 59772?
7
What is the hundreds digit of 927?
9
What is the ten thousands digit of 97917?
9
What is the tens digit of 34112?
1
What is the tens digit of 23650?
5
What is the hundreds digit of 5853?
8
What is the thousands digit of 35611?
5
What is the hundreds digit of 264?
2
What is the hundreds digit of 736?
7
What is the hundreds digit of 386?
3
What is the units digit of 37496?
6
What is the hundreds digit of 1159?
1
What is the units digit of 3284?
4
What is the ten thousands digit of 10258?
1
What is the hundreds digit of 10176?
1
What is the tens digit of 42183?
8
What is the hundreds digit of 1176?
1
What is the hundreds digit of 21994?
9
What is the hundreds digit of 5540?
5
What is the hundreds digit of 774?
7
What is the hundreds digit of 1236?
2
What is the units digit of 125832?
2
What is the tens digit of 42353?
5
What is the thousands digit of 1043?
1
What is the hundreds digit of 1311?
3
What is the tens digit of 320?
2
What is the hundreds digit of 2513?
5
What is the tens digit of 525?
2
What is the tens digit of 2736?
3
What is the hundreds digit of 4176?
1
What is the tens digit of 154366?
6
What is the tens digit of 1495?
9
What is the units digit of 34014?
4
What is the hundreds digit of 312?
3
What is the ten thousands digit of 36797?
3
What is the hundreds digit of 44254?
2
What is the hundreds digit of 1400?
4
What is the thousands digit of 1088?
1
What is the hundreds digit of 176291?
2
What is the units digit of 4044?
4
What is the thousands digit of 103676?
3
What is the ten thousands digit of 178013?
7
What is the ten thousands digit of 13704?
1
What is the ten thousands digit of 53183?
5
What is the tens digit of 31353?
5
What is the units digit of 825?
5
What is the tens digit of 98307?
0
What is the units digit of 25382?
2
What is the ten thousands digit of 100092?
0
What is the hundreds digit of 4184?
1
What is the hundred thousands digit of 100430?
1
What is the ten thousands digit of 14931?
1
What is the hundreds digit of 25514?
5
What is the ten thousands digit of 13731?
1
What is the hundreds digit of 6154?
1
What is the tens digit of 112685?
8
What is the thousands digit of 4444?
4
What is the ten thousands digit of 26141?
2
What is the units digit of 9248?
8
What is the tens digit of 1089?
8
What is the hundreds digit of 73718?
7
What is the ten thousands digit of 61131?
6
What is the units digit of 5687?
7
What is the units digit of 52398?
8
What is the thousands digit of 19655?
9
What is the tens digit of 2703?
0
What is the tens digit of 1018?
1
What is the hundreds digit of 1144?
1
What is the thousands digit of 3177?
3
What is the units digit of 1130?
0
What is the hundreds digit of 719?
7
What is the hundreds digit of 22557?
5
What is the thousands digit of 3914?
3
What is the hundreds digit of 2643?
6
What is the tens digit of 2436?
3
What is the units digit of 459?
9
What is the hundreds digit of 26612?
6
What is the thousands digit of 19055?
9
What is the units digit of 1146?
6
What is the ten thousands digit of 13453?
1
What is the units digit of 7096?
6
What is the tens digit of 3216?
1
What is the units digit of 1610?
0
What is the units digit of 98?
8
What is the thousands digit of 21358?
1
What is the tens digit of 7324?
2
What is the hundreds digit of 2434?
4
What is the hundreds digit of 93061?
0
What is the ten thousands digit of 113044?
1
What is the units digit of 21618?
8
What is the tens digit of 42509?
0
What is the tens digit of 253?
5
What is the thousands digit of 12099?
2
What is the hundreds digit of 34228?
2
What is the tens digit of 99?
9
What is the units digit of 3?
3
What is the units digit of 9346?
6
What is the units digit of 10103?
3
What is the thousands digit of 48736?
8
What is the hundreds digit of 20649?
6
What is the hundreds digit of 961?
9
What is the units digit of 147491?
1
What is the thousands digit of 3035?
3
What is the ten thousands digit of 56226?
5
What is the units digit of 727?
7
What is the thousands digit of 2210?
2
What is the ten thousands digit of 12972?
1
What is the tens digit of 478?
7
What is the units digit of 22266?
6
What is the thousands digit of 18224?
8
What is the hundreds digit of 248?
2
What is the thousands digit of 4905?
4
What is the ten thousands digit of 109242?
0
What is the hundreds digit of 13437?
4
What is the units digit of 3110?
0
What is the tens digit of 20764?
6
What is the tens digit of 1657?
5
What is the tens digit of 1255?
5
What is the hundreds digit of 10279?
2
What is the tens digit of 1088?
8
What is the hundreds digit of 527?
5
What is the hundreds digit of 14153?
1
What is the thousands digit of 5734?
5
What is the hundreds digit of 1513?
5
What is the units digit of 480?
0
What is the tens digit of 3185?
8
What is the tens digit of 50327?
2
What is the units digit of 13317?
7
What is the units digit of 3049?
9
What is the thousands digit of 50898?
0
What is the tens digit of 4781?
8
